{"id":927,"date":"2026-04-15T21:47:47","date_gmt":"2026-04-16T00:47:47","guid":{"rendered":"https:\/\/www.cca.ufpb.br\/bscca\/?page_id=927"},"modified":"2026-04-17T15:03:21","modified_gmt":"2026-04-17T18:03:21","slug":"ext-do-armario-ao-catalogo-disponibilizacao-das-colecoes-raras-e-historicas-do-cca-ufpb","status":"publish","type":"page","link":"https:\/\/www.cca.ufpb.br\/bscca\/ext-do-armario-ao-catalogo-disponibilizacao-das-colecoes-raras-e-historicas-do-cca-ufpb\/","title":{"rendered":"Ext. Do arm\u00e1rio ao cat\u00e1logo: disponibiliza\u00e7\u00e3o das cole\u00e7\u00f5es raras e hist\u00f3ricas do CCA-UFPB"},"content":{"rendered":"<div style=\"max-width: 760px;margin: 0 auto;font-family: Arial, Helvetica, sans-serif;color: #333;line-height: 1.6\">\n<div style=\"text-align: center;margin: 10px 0 25px 0\">\n<div style=\"min-width: 320px;padding: 28px 30px;border: 1px solid #d7dce2;background: linear-gradient(135deg, #f5f7fa, #edf1f5)\">\n<div style=\"font-size: 24px;font-weight: bold;color: #111;line-height: 1.15\">Do arm\u00e1rio ao cat\u00e1logo<\/div>\n<div style=\"font-size: 12px;letter-spacing: 1.2px;text-transform: uppercase;color: #555;margin-top: 8px\">Cole\u00e7\u00f5es raras e hist\u00f3ricas do CCA-UFPB<\/div>\n<\/div>\n<\/div>\n<p style=\"margin: 0 0 15px 0;font-size: 14px\"><strong>Coordenado por Heloisa Cristina da Silva Leandro<\/strong><\/p>\n<div style=\"background: #d9e1e8;text-align: center;padding: 12px 15px;font-weight: bold;text-transform: uppercase;margin: 0 0 25px 0\">Ano I &#8211; 2025<\/div>\n<p style=\"font-size: 14px;text-align: justify;margin-bottom: 14px\"><strong>RESUMO:<\/strong> A Biblioteca Setorial Francisco Tancredo Torres, do Centro de Ci\u00eancias Agr\u00e1rias da UFPB, guarda um acervo especial composto por livros, correspond\u00eancias, fotografias, jornais e outras cole\u00e7\u00f5es raras de elevado valor hist\u00f3rico e cultural, atualmente indispon\u00edveis ao p\u00fablico. Este projeto tem como finalidade disponibilizar cat\u00e1logos das cole\u00e7\u00f5es especiais, ampliando o acesso \u00e0 informa\u00e7\u00e3o, valorizando o patrim\u00f4nio documental e fortalecendo a mem\u00f3ria institucional do CCA, da antiga Escola de Agronomia do Nordeste e da cidade de Areia-PB. As a\u00e7\u00f5es envolvem o mapeamento do acervo, a organiza\u00e7\u00e3o t\u00e9cnica, a cataloga\u00e7\u00e3o, a digitaliza\u00e7\u00e3o parcial dos documentos e a produ\u00e7\u00e3o e divulga\u00e7\u00e3o de cat\u00e1logos em formato f\u00edsico e digital, contribuindo para a democratiza\u00e7\u00e3o do conhecimento, o est\u00edmulo \u00e0 pesquisa e a preserva\u00e7\u00e3o documental.<\/p>\n<p style=\"font-size: 14px;margin-bottom: 25px\"><strong>Palavras-chave:<\/strong> Acervo raro. Patrim\u00f4nio documental. Mem\u00f3ria institucional. Cataloga\u00e7\u00e3o. Acesso \u00e0 informa\u00e7\u00e3o.<\/p>\n<div style=\"background: #eef2f5;text-align: center;padding: 10px 15px;font-weight: bold;text-transform: uppercase;margin: 0 0 18px 0\">Objetivos<\/div>\n<h3 style=\"font-size: 18px;margin: 0 0 8px 0\">Geral<\/h3>\n<p style=\"font-size: 14px;margin: 0 0 18px 0\">Disponibilizar os cat\u00e1logos das cole\u00e7\u00f5es raras e hist\u00f3ricas da Biblioteca Setorial Francisco Tancredo Torres, ampliando o acesso ao acervo e fortalecendo a preserva\u00e7\u00e3o e a difus\u00e3o da mem\u00f3ria cultural e cient\u00edfica do CCA-UFPB.<\/p>\n<h3 style=\"font-size: 18px;margin: 0 0 8px 0\">Espec\u00edficos<\/h3>\n<ul style=\"font-size: 14px;margin: 0 0 28px 20px;padding: 0\">\n<li>Realizar o levantamento, diagn\u00f3stico, invent\u00e1rio e classifica\u00e7\u00e3o do acervo especial.<\/li>\n<li>Executar o tratamento t\u00e9cnico documental conforme normas de cataloga\u00e7\u00e3o e crit\u00e9rios de preserva\u00e7\u00e3o.<\/li>\n<li>Elaborar, editar e publicar cat\u00e1logos em formato f\u00edsico e digital.<\/li>\n<li>Promover a digitaliza\u00e7\u00e3o parcial de documentos e imagens selecionadas do acervo.<\/li>\n<li>Desenvolver a\u00e7\u00f5es de socializa\u00e7\u00e3o e difus\u00e3o, como oficinas, exposi\u00e7\u00f5es e divulga\u00e7\u00e3o em redes sociais e no site da biblioteca.<\/li>\n<li>Ampliar o acesso p\u00fablico \u00e0 informa\u00e7\u00e3o e fortalecer a mem\u00f3ria institucional e cultural da biblioteca e do CCA.<\/li>\n<\/ul>\n<div style=\"background: #eef2f5;text-align: center;padding: 10px 15px;font-weight: bold;text-transform: uppercase;margin: 0 0 18px 0\">Equipe<\/div>\n<div>\n<table style=\"width: 100%;border-collapse: collapse;font-size: 14px\">\n<thead>\n<tr style=\"background: #f7f7f7\">\n<th style=\"border: 1px solid #8c8c8c;padding: 10px\">NOME<\/th>\n<th style=\"border: 1px solid #8c8c8c;padding: 10px\">GRAU DE INSTRU\u00c7\u00c3O<\/th>\n<th style=\"border: 1px solid #8c8c8c;padding: 10px\">OCUPA\u00c7\u00c3O<\/th>\n<th style=\"border: 1px solid #8c8c8c;padding: 10px\">FUN\u00c7\u00c3O<\/th>\n<\/tr>\n<\/thead>\n<tbody>\n<tr>\n<td style=\"border: 1px solid #8c8c8c;padding: 10px\">Heloisa Cristina da Silva Leandro<\/td>\n<td style=\"border: 1px solid #8c8c8c;padding: 10px\">Mestra<\/td>\n<td style=\"border: 1px solid #8c8c8c;padding: 10px\">Bibliotec\u00e1ria<\/td>\n<td style=\"border: 1px solid #8c8c8c;padding: 10px\">Coordenadora<\/td>\n<\/tr>\n<tr>\n<td style=\"border: 1px solid #8c8c8c;padding: 10px\">Lucianna Silvestre de Castro Azevedo<\/td>\n<td style=\"border: 1px solid #8c8c8c;padding: 10px\">Especialista<\/td>\n<td style=\"border: 1px solid #8c8c8c;padding: 10px\">Bibliotec\u00e1ria<\/td>\n<td style=\"border: 1px solid #8c8c8c;padding: 10px\">Coordenadora Adjunta<\/td>\n<\/tr>\n<tr>\n<td style=\"border: 1px solid #8c8c8c;padding: 10px\">Edilson Targino de Melo Filho<\/td>\n<td style=\"border: 1px solid #8c8c8c;padding: 10px\">Doutor<\/td>\n<td style=\"border: 1px solid #8c8c8c;padding: 10px\">Bibliotec\u00e1rio<\/td>\n<td style=\"border: 1px solid #8c8c8c;padding: 10px\">Coordenador Adjunto<\/td>\n<\/tr>\n<tr>\n<td style=\"border: 1px solid #8c8c8c;padding: 10px\">Angela Cristina Alves Albino<\/td>\n<td style=\"border: 1px solid #8c8c8c;padding: 10px\">Doutora<\/td>\n<td style=\"border: 1px solid #8c8c8c;padding: 10px\">Docente<\/td>\n<td style=\"border: 1px solid #8c8c8c;padding: 10px\">Colaboradora<\/td>\n<\/tr>\n<tr>\n<td style=\"border: 1px solid #8c8c8c;padding: 10px\">Aleksandro Mendes Rocha<\/td>\n<td style=\"border: 1px solid #8c8c8c;padding: 10px\">Especialista<\/td>\n<td style=\"border: 1px solid #8c8c8c;padding: 10px\">Servidor<\/td>\n<td style=\"border: 1px solid #8c8c8c;padding: 10px\">Colaborador<\/td>\n<\/tr>\n<tr>\n<td style=\"border: 1px solid #8c8c8c;padding: 10px\">Maria Julia da Cunha Melo Silva<\/td>\n<td style=\"border: 1px solid #8c8c8c;padding: 10px\">Bacharela<\/td>\n<td style=\"border: 1px solid #8c8c8c;padding: 10px\">Externa<\/td>\n<td style=\"border: 1px solid #8c8c8c;padding: 10px\">Colaboradora<\/td>\n<\/tr>\n<tr>\n<td style=\"border: 1px solid #8c8c8c;padding: 10px\">Danila Barreiro Campos<\/td>\n<td style=\"border: 1px solid #8c8c8c;padding: 10px\">Doutora<\/td>\n<td style=\"border: 1px solid #8c8c8c;padding: 10px\">Docente<\/td>\n<td style=\"border: 1px solid #8c8c8c;padding: 10px\">Colaboradora<\/td>\n<\/tr>\n<tr>\n<td style=\"border: 1px solid #8c8c8c;padding: 10px\">Maria Gorete Melo da Silva<\/td>\n<td style=\"border: 1px solid #8c8c8c;padding: 10px\">Bacharela<\/td>\n<td style=\"border: 1px solid #8c8c8c;padding: 10px\">Servidora<\/td>\n<td style=\"border: 1px solid #8c8c8c;padding: 10px\">Colaboradora<\/td>\n<\/tr>\n<tr>\n<td style=\"border: 1px solid #8c8c8c;padding: 10px\">Juccia Nathielle do Nascimento Oliveira<\/td>\n<td style=\"border: 1px solid #8c8c8c;padding: 10px\">Doutora<\/td>\n<td style=\"border: 1px solid #8c8c8c;padding: 10px\">Externa<\/td>\n<td style=\"border: 1px solid #8c8c8c;padding: 10px\">Colaboradora<\/td>\n<\/tr>\n<tr>\n<td style=\"border: 1px solid #8c8c8c;padding: 10px\">Laelson Felipe da Silva<\/td>\n<td style=\"border: 1px solid #8c8c8c;padding: 10px\">Doutor<\/td>\n<td style=\"border: 1px solid #8c8c8c;padding: 10px\">Externo<\/td>\n<td style=\"border: 1px solid #8c8c8c;padding: 10px\">Colaborador<\/td>\n<\/tr>\n<tr>\n<td style=\"border: 1px solid #8c8c8c;padding: 10px\">Emanuelle Alicia Santos de Vasconcelos<\/td>\n<td style=\"border: 1px solid #8c8c8c;padding: 10px\">Doutora<\/td>\n<td style=\"border: 1px solid #8c8c8c;padding: 10px\">Docente<\/td>\n<td style=\"border: 1px solid #8c8c8c;padding: 10px\">Colaboradora<\/td>\n<\/tr>\n<tr>\n<td style=\"border: 1px solid #8c8c8c;padding: 10px\"><a href=\"http:\/\/lattes.cnpq.br\/8995353912856469\" target=\"_blank\" rel=\"noopener\">Pedro Henrique dos Santos Rufino<\/a><\/td>\n<td style=\"border: 1px solid #8c8c8c;padding: 10px\">M\u00e9dio<\/td>\n<td style=\"border: 1px solid #8c8c8c;padding: 10px\">Estudante<\/td>\n<td style=\"border: 1px solid #8c8c8c;padding: 10px\">Bolsista<\/td>\n<\/tr>\n<tr>\n<td style=\"border: 1px solid #8c8c8c;padding: 10px\"><a href=\"http:\/\/lattes.cnpq.br\/1393928244522819\" target=\"_blank\" rel=\"noopener\">Gilvan Berto Ferreira Guedes<\/a><\/td>\n<td style=\"border: 1px solid #8c8c8c;padding: 10px\">M\u00e9dio<\/td>\n<td style=\"border: 1px solid #8c8c8c;padding: 10px\">Estudante<\/td>\n<td style=\"border: 1px solid #8c8c8c;padding: 10px\">Volunt\u00e1rio<\/td>\n<\/tr>\n<\/tbody>\n<\/table>\n<p>&nbsp;<\/p>\n<\/div>\n<\/div>\n","protected":false},"excerpt":{"rendered":"<p>Do arm\u00e1rio ao cat\u00e1logo Cole\u00e7\u00f5es raras e hist\u00f3ricas do CCA-UFPB Coordenado por Heloisa Cristina da Silva Leandro Ano I &#8211; 2025 RESUMO: A Biblioteca Setorial Francisco Tancredo Torres, do Centro de Ci\u00eancias Agr\u00e1rias da UFPB, guarda um acervo especial composto por livros, correspond\u00eancias, fotografias, jornais e outras cole\u00e7\u00f5es raras de elevado valor hist\u00f3rico e cultural, [&hellip;]<\/p>\n","protected":false},"author":380,"featured_media":0,"parent":0,"menu_order":0,"comment_status":"closed","ping_status":"closed","template":"","meta":{"_acf_changed":false,"footnotes":""},"class_list":["post-927","page","type-page","status-publish","hentry"],"acf":[],"_links":{"self":[{"href":"https:\/\/www.cca.ufpb.br\/bscca\/wp-json\/wp\/v2\/pages\/927","targetHints":{"allow":["GET"]}}],"collection":[{"href":"https:\/\/www.cca.ufpb.br\/bscca\/wp-json\/wp\/v2\/pages"}],"about":[{"href":"https:\/\/www.cca.ufpb.br\/bscca\/wp-json\/wp\/v2\/types\/page"}],"author":[{"embeddable":true,"href":"https:\/\/www.cca.ufpb.br\/bscca\/wp-json\/wp\/v2\/users\/380"}],"replies":[{"embeddable":true,"href":"https:\/\/www.cca.ufpb.br\/bscca\/wp-json\/wp\/v2\/comments?post=927"}],"version-history":[{"count":2,"href":"https:\/\/www.cca.ufpb.br\/bscca\/wp-json\/wp\/v2\/pages\/927\/revisions"}],"predecessor-version":[{"id":937,"href":"https:\/\/www.cca.ufpb.br\/bscca\/wp-json\/wp\/v2\/pages\/927\/revisions\/937"}],"wp:attachment":[{"href":"https:\/\/www.cca.ufpb.br\/bscca\/wp-json\/wp\/v2\/media?parent=927"}],"curies":[{"name":"wp","href":"https:\/\/api.w.org\/{rel}","templated":true}]}}

Ext. Do armário ao catálogo: disponibilização das coleções raras e históricas do CCA-UFPB

<div style="max-width: 760px;margin: 0 auto;font-family: Arial, Helvetica, sans-serif;color: #333;line-height: 1.6">
<div style="text-align: center;margin: 10px 0 25px 0">
<div style="min-width: 320px;padding: 28px 30px;border: 1px solid #d7dce2;background: linear-gradient(135deg, #f5f7fa, #edf1f5)">
<div style="font-size: 24px;font-weight: bold;color: #111;line-height: 1.15">Do armário ao catálogo</div>
<div style="font-size: 12px;letter-spacing: 1.2px;text-transform: uppercase;color: #555;margin-top: 8px">Coleções raras e históricas do CCA-UFPB</div>
</div>
</div>
<p style="margin: 0 0 15px 0;font-size: 14px"><strong>Coordenado por Heloisa Cristina da Silva Leandro</strong></p>
<div style="background: #d9e1e8;text-align: center;padding: 12px 15px;font-weight: bold;text-transform: uppercase;margin: 0 0 25px 0">Ano I &#8211; 2025</div>
<p style="font-size: 14px;text-align: justify;margin-bottom: 14px"><strong>RESUMO:</strong> A Biblioteca Setorial Francisco Tancredo Torres, do Centro de Ciências Agrárias da UFPB, guarda um acervo especial composto por livros, correspondências, fotografias, jornais e outras coleções raras de elevado valor histórico e cultural, atualmente indisponíveis ao público. Este projeto tem como finalidade disponibilizar catálogos das coleções especiais, ampliando o acesso à informação, valorizando o patrimônio documental e fortalecendo a memória institucional do CCA, da antiga Escola de Agronomia do Nordeste e da cidade de Areia-PB. As ações envolvem o mapeamento do acervo, a organização técnica, a catalogação, a digitalização parcial dos documentos e a produção e divulgação de catálogos em formato físico e digital, contribuindo para a democratização do conhecimento, o estímulo à pesquisa e a preservação documental.</p>
<p style="font-size: 14px;margin-bottom: 25px"><strong>Palavras-chave:</strong> Acervo raro. Patrimônio documental. Memória institucional. Catalogação. Acesso à informação.</p>
<div style="background: #eef2f5;text-align: center;padding: 10px 15px;font-weight: bold;text-transform: uppercase;margin: 0 0 18px 0">Objetivos</div>
<h3 style="font-size: 18px;margin: 0 0 8px 0">Geral</h3>
<p style="font-size: 14px;margin: 0 0 18px 0">Disponibilizar os catálogos das coleções raras e históricas da Biblioteca Setorial Francisco Tancredo Torres, ampliando o acesso ao acervo e fortalecendo a preservação e a difusão da memória cultural e científica do CCA-UFPB.</p>
<h3 style="font-size: 18px;margin: 0 0 8px 0">Específicos</h3>
<ul style="font-size: 14px;margin: 0 0 28px 20px;padding: 0">
<li>Realizar o levantamento, diagnóstico, inventário e classificação do acervo especial.</li>
<li>Executar o tratamento técnico documental conforme normas de catalogação e critérios de preservação.</li>
<li>Elaborar, editar e publicar catálogos em formato físico e digital.</li>
<li>Promover a digitalização parcial de documentos e imagens selecionadas do acervo.</li>
<li>Desenvolver ações de socialização e difusão, como oficinas, exposições e divulgação em redes sociais e no site da biblioteca.</li>
<li>Ampliar o acesso público à informação e fortalecer a memória institucional e cultural da biblioteca e do CCA.</li>
</ul>
<div style="background: #eef2f5;text-align: center;padding: 10px 15px;font-weight: bold;text-transform: uppercase;margin: 0 0 18px 0">Equipe</div>
<div>
<table style="width: 100%;border-collapse: collapse;font-size: 14px">
<thead>
<tr style="background: #f7f7f7">
<th style="border: 1px solid #8c8c8c;padding: 10px">NOME</th>
<th style="border: 1px solid #8c8c8c;padding: 10px">GRAU DE INSTRUÇÃO</th>
<th style="border: 1px solid #8c8c8c;padding: 10px">OCUPAÇÃO</th>
<th style="border: 1px solid #8c8c8c;padding: 10px">FUNÇÃO</th>
</tr>
</thead>
<tbody>
<tr>
<td style="border: 1px solid #8c8c8c;padding: 10px">Heloisa Cristina da Silva Leandro</td>
<td style="border: 1px solid #8c8c8c;padding: 10px">Mestra</td>
<td style="border: 1px solid #8c8c8c;padding: 10px">Bibliotecária</td>
<td style="border: 1px solid #8c8c8c;padding: 10px">Coordenadora</td>
</tr>
<tr>
<td style="border: 1px solid #8c8c8c;padding: 10px">Lucianna Silvestre de Castro Azevedo</td>
<td style="border: 1px solid #8c8c8c;padding: 10px">Especialista</td>
<td style="border: 1px solid #8c8c8c;padding: 10px">Bibliotecária</td>
<td style="border: 1px solid #8c8c8c;padding: 10px">Coordenadora Adjunta</td>
</tr>
<tr>
<td style="border: 1px solid #8c8c8c;padding: 10px">Edilson Targino de Melo Filho</td>
<td style="border: 1px solid #8c8c8c;padding: 10px">Doutor</td>
<td style="border: 1px solid #8c8c8c;padding: 10px">Bibliotecário</td>
<td style="border: 1px solid #8c8c8c;padding: 10px">Coordenador Adjunto</td>
</tr>
<tr>
<td style="border: 1px solid #8c8c8c;padding: 10px">Angela Cristina Alves Albino</td>
<td style="border: 1px solid #8c8c8c;padding: 10px">Doutora</td>
<td style="border: 1px solid #8c8c8c;padding: 10px">Docente</td>
<td style="border: 1px solid #8c8c8c;padding: 10px">Colaboradora</td>
</tr>
<tr>
<td style="border: 1px solid #8c8c8c;padding: 10px">Aleksandro Mendes Rocha</td>
<td style="border: 1px solid #8c8c8c;padding: 10px">Especialista</td>
<td style="border: 1px solid #8c8c8c;padding: 10px">Servidor</td>
<td style="border: 1px solid #8c8c8c;padding: 10px">Colaborador</td>
</tr>
<tr>
<td style="border: 1px solid #8c8c8c;padding: 10px">Maria Julia da Cunha Melo Silva</td>
<td style="border: 1px solid #8c8c8c;padding: 10px">Bacharela</td>
<td style="border: 1px solid #8c8c8c;padding: 10px">Externa</td>
<td style="border: 1px solid #8c8c8c;padding: 10px">Colaboradora</td>
</tr>
<tr>
<td style="border: 1px solid #8c8c8c;padding: 10px">Danila Barreiro Campos</td>
<td style="border: 1px solid #8c8c8c;padding: 10px">Doutora</td>
<td style="border: 1px solid #8c8c8c;padding: 10px">Docente</td>
<td style="border: 1px solid #8c8c8c;padding: 10px">Colaboradora</td>
</tr>
<tr>
<td style="border: 1px solid #8c8c8c;padding: 10px">Maria Gorete Melo da Silva</td>
<td style="border: 1px solid #8c8c8c;padding: 10px">Bacharela</td>
<td style="border: 1px solid #8c8c8c;padding: 10px">Servidora</td>
<td style="border: 1px solid #8c8c8c;padding: 10px">Colaboradora</td>
</tr>
<tr>
<td style="border: 1px solid #8c8c8c;padding: 10px">Juccia Nathielle do Nascimento Oliveira</td>
<td style="border: 1px solid #8c8c8c;padding: 10px">Doutora</td>
<td style="border: 1px solid #8c8c8c;padding: 10px">Externa</td>
<td style="border: 1px solid #8c8c8c;padding: 10px">Colaboradora</td>
</tr>
<tr>
<td style="border: 1px solid #8c8c8c;padding: 10px">Laelson Felipe da Silva</td>
<td style="border: 1px solid #8c8c8c;padding: 10px">Doutor</td>
<td style="border: 1px solid #8c8c8c;padding: 10px">Externo</td>
<td style="border: 1px solid #8c8c8c;padding: 10px">Colaborador</td>
</tr>
<tr>
<td style="border: 1px solid #8c8c8c;padding: 10px">Emanuelle Alicia Santos de Vasconcelos</td>
<td style="border: 1px solid #8c8c8c;padding: 10px">Doutora</td>
<td style="border: 1px solid #8c8c8c;padding: 10px">Docente</td>
<td style="border: 1px solid #8c8c8c;padding: 10px">Colaboradora</td>
</tr>
<tr>
<td style="border: 1px solid #8c8c8c;padding: 10px"><a href="http://lattes.cnpq.br/8995353912856469" target="_blank" rel="noopener">Pedro Henrique dos Santos Rufino</a></td>
<td style="border: 1px solid #8c8c8c;padding: 10px">Médio</td>
<td style="border: 1px solid #8c8c8c;padding: 10px">Estudante</td>
<td style="border: 1px solid #8c8c8c;padding: 10px">Bolsista</td>
</tr>
<tr>
<td style="border: 1px solid #8c8c8c;padding: 10px"><a href="http://lattes.cnpq.br/1393928244522819" target="_blank" rel="noopener">Gilvan Berto Ferreira Guedes</a></td>
<td style="border: 1px solid #8c8c8c;padding: 10px">Médio</td>
<td style="border: 1px solid #8c8c8c;padding: 10px">Estudante</td>
<td style="border: 1px solid #8c8c8c;padding: 10px">Voluntário</td>
</tr>
</tbody>
</table>
<p>&nbsp;</p>
</div>
</div>

<p>Do armário ao catálogo Coleções raras e históricas do CCA-UFPB Coordenado por Heloisa Cristina da Silva Leandro Ano I &#8211; 2025 RESUMO: A Biblioteca Setorial Francisco Tancredo Torres, do Centro de Ciências Agrárias da UFPB, guarda um acervo especial composto por livros, correspondências, fotografias, jornais e outras coleções raras de elevado valor histórico e cultural, [&hellip;]</p>
