{"id":723,"date":"2025-05-29T12:54:19","date_gmt":"2025-05-29T15:54:19","guid":{"rendered":"https:\/\/www.cca.ufpb.br\/bscca2\/?page_id=723"},"modified":"2026-04-17T14:52:30","modified_gmt":"2026-04-17T17:52:30","slug":"ext-comunicacao-digital-a-informacao-em-rede","status":"publish","type":"page","link":"https:\/\/www.cca.ufpb.br\/bscca\/ext-comunicacao-digital-a-informacao-em-rede\/","title":{"rendered":"Ext. ComunicA\u00e7\u00e3o digital: a informa\u00e7\u00e3o em rede"},"content":{"rendered":"<div class=\"wp-block-image\">\n<figure class=\"aligncenter size-full is-resized\"><img loading=\"lazy\" decoding=\"async\" width=\"300\" height=\"300\" src=\"https:\/\/www.cca.ufpb.br\/bscca\/wp-content\/uploads\/sites\/128\/sites\/275\/2025\/09\/Design-sem-nome.png\" alt=\"\" class=\"wp-image-820\" style=\"width:274px;height:auto\" srcset=\"https:\/\/www.cca.ufpb.br\/bscca\/wp-content\/uploads\/sites\/128\/sites\/275\/2025\/09\/Design-sem-nome.png 300w, https:\/\/www.cca.ufpb.br\/bscca\/wp-content\/uploads\/sites\/128\/sites\/275\/2025\/09\/Design-sem-nome-150x150.png 150w\" sizes=\"auto, (max-width: 300px) 100vw, 300px\" \/><\/figure>\n<\/div>\n\n\n<p><strong>Coordenado por <\/strong> <strong>Maria Gorete Melo da Silva<\/strong><\/p>\n\n\n\n<p class=\"has-text-align-center has-cyan-bluish-gray-background-color has-background has-medium-font-size\"><strong>ANO <strong>I<\/strong>I &#8211; 2025<\/strong><\/p>\n\n\n\n<p><strong>RESUMO:&nbsp;<\/strong>A comunica\u00e7\u00e3o digital tem sido uma realidade no compartilhamento e processamento de informa\u00e7\u00f5es virtuais, principalmente a partir da populariza\u00e7\u00e3o das redes sociais. No contexto da biblioteca, a comunica\u00e7\u00e3o digital assume um papel fundamental, sendo uma ferramenta importante no compartilhamento de informa\u00e7\u00f5es. Aliar tais tecnologias \u00e0 biblioteca universit\u00e1ria \u00e9 garantir uma jornada acad\u00eamica mais exitosa para os alunos, potencializando os processos de aprendizagem. Assim, este projeto objetiva o gerenciamento da comunica\u00e7\u00e3o digital da Biblioteca Francisco Tancredo Torres, para a produ\u00e7\u00e3o de conte\u00fado em rede para dissemina\u00e7\u00e3o de informa\u00e7\u00f5es. Desta forma ser\u00e3o estabelecidas diretrizes para gest\u00e3o da produ\u00e7\u00e3o e do compartilhamento de informa\u00e7\u00f5es, al\u00e9m da produ\u00e7\u00e3o de conte\u00fado para m\u00eddias sociais e o desenvolvimento do boletim informativo da biblioteca. A metodologia \u00e9 de car\u00e1ter documental e envolve aspectos qualitativos e quantitativos. Os resultados oportunizar\u00e3o a produ\u00e7\u00e3o de conte\u00fados e produtos informacionais, estimulando os discentes na produ\u00e7\u00e3o de conte\u00fado para \u00e1rea acad\u00eamica pertencente.<\/p>\n\n\n\n<p><strong>Palavras-chave:&nbsp;<\/strong>Conte\u00fado digital. M\u00eddias sociais. Bibliotecas Universit\u00e1rias. Acesso \u00e0 informa\u00e7\u00e3o.<\/p>\n\n\n\n<p class=\"has-text-align-center has-background\" style=\"background-color:#f1f2f3;font-size:15px\"><strong>OBJETIVOS<\/strong><\/p>\n\n\n\n<h3 class=\"wp-block-heading\">Geral<\/h3>\n\n\n\n<p class=\" \">Gerenciar a comunica\u00e7\u00e3o digital da Biblioteca Setorial Francisco Tancredo Torres as redes sociais para produ\u00e7\u00e3o de conte\u00fado em rede para dissemina\u00e7\u00e3o de informa\u00e7\u00f5es.<\/p>\n\n\n\n<h3 class=\"wp-block-heading\">Espec\u00edficos<\/h3>\n\n\n\n<ul class=\"wp-block-list\">\n<li>Estabelecer diretrizes para a gest\u00e3o da produ\u00e7\u00e3o e do compartilhamento de informa\u00e7\u00f5es nas m\u00eddias sociais da biblioteca;<\/li>\n\n\n\n<li>Produzir conte\u00fado para as m\u00eddias sociais;<\/li>\n\n\n\n<li>Desenvolver o boletim informativo da Biblioteca.<\/li>\n<\/ul>\n\n\n\n<p class=\"has-text-align-center has-background\" style=\"background-color:#f1f2f3;font-size:15px\"><strong>EQUIPE<\/strong><\/p>\n\n\n\n<figure class=\"wp-block-table\"><table class=\"has-fixed-layout\"><thead><tr><th>NOME<\/th><th>GRAU DE INSTRU\u00c7\u00c3O<\/th><th>OCUPA\u00c7\u00c3O<\/th><th>FUN\u00c7\u00c3O<\/th><\/tr><\/thead><tbody><tr><td>Maria Gorete Melo da Silva<\/td><td>Bacharela<\/td><td><\/td><td>Coordenadora<\/td><\/tr><tr><td><a href=\"http:\/\/lattes.cnpq.br\/8525675502520396\" target=\"_blank\" rel=\"noreferrer noopener\"><strong>Edilson Targino de Melo Filho<\/strong><\/a><\/td><td>Doutor<\/td><td>Bibliotec\u00e1rio<\/td><td>Coordenador Adjunto<\/td><\/tr><tr><td>Lucianna Silvestre de Castro Azevedo<\/td><td>Especialista<\/td><td>Bibliotec\u00e1ria<\/td><td>Coordenadora Adjunta<\/td><\/tr><tr><td><a href=\"http:\/\/lattes.cnpq.br\/9002905168811448\" data-type=\"link\" data-id=\"http:\/\/lattes.cnpq.br\/9002905168811448\">Juccia Nathielle do Nascimento Oliveira<\/a><\/td><td>Mestra<\/td><td>Bibliotec\u00e1ria<\/td><td>Coordenadora Adjunta<\/td><\/tr><tr><td>Pedro Henrique Costa Veras de Miranda<\/td><td>M\u00e9dio<\/td><td>Estudante<\/td><td>Bolsista<\/td><\/tr><tr><td>Julia Daniely Soares Santana<\/td><td>M\u00e9dio<\/td><td>Estudante<\/td><td>Volunt\u00e1ria<\/td><\/tr><tr><td>Rayan Henrique Silva Miranda de Medeiros<\/td><td>M\u00e9dio<\/td><td>Estudante<\/td><td>Volunt\u00e1rio<\/td><\/tr><tr><td>Geovana Cunha de Oliveira Ferreira<\/td><td>M\u00e9dio<\/td><td>Estudante<\/td><td>Volunt\u00e1ria<\/td><\/tr><tr><td>Danila Barreiro Campos<\/td><td>Doutora<\/td><td>Docente<\/td><td>Colaboradora<\/td><\/tr><tr><td>Francisca Emanoela Guimaraes Ribeiro<\/td><td>Bacharela<\/td><td>Bibliotec\u00e1ria<\/td><td>Colaboradora<\/td><\/tr><tr><td>Andreia Kalyne Tarquino Eustaquio<\/td><td>Especialista<\/td><td>Assistente Social<\/td><td>Colaboradora<\/td><\/tr><tr><td>Laelson Felipe da Silva<\/td><td>Doutor<\/td><td>Contador<\/td><td>Colaboradora<\/td><\/tr><tr><td>Katiane da Cunha Souza<\/td><td>Mestra<\/td><td>Bibliotec\u00e1ria<\/td><td>Colaboradora<\/td><\/tr><tr><td>Aleksandro Mendes Rocha<\/td><td>Especialista<\/td><td>Cont\u00ednuo<\/td><td>Colaboradora<\/td><\/tr><tr><td>Sheila Costa de Farias<\/td><td>Doutora<\/td><td>Docente<\/td><td>Colaboradora<\/td><\/tr><tr><td>Angela Cristina Alves Albino<\/td><td>Doutora<\/td><td>Docente<\/td><td>Colaboradora<\/td><\/tr><\/tbody><\/table><\/figure>\n\n\n\n<hr class=\"wp-block-separator has-alpha-channel-opacity\" \/>\n\n\n\n<p><\/p>\n\n\n<div class=\"wp-block-image\">\n<figure class=\"aligncenter size-medium\"><img loading=\"lazy\" decoding=\"async\" width=\"300\" height=\"255\" src=\"https:\/\/www.cca.ufpb.br\/bscca\/wp-content\/uploads\/sites\/128\/sites\/275\/2025\/05\/ComunicAodigital_Logoprov-300x255.png\" alt=\"\" class=\"wp-image-725\" srcset=\"https:\/\/www.cca.ufpb.br\/bscca\/wp-content\/uploads\/sites\/128\/sites\/275\/2025\/05\/ComunicAodigital_Logoprov-300x255.png 300w, https:\/\/www.cca.ufpb.br\/bscca\/wp-content\/uploads\/sites\/128\/sites\/275\/2025\/05\/ComunicAodigital_Logoprov.png 596w\" sizes=\"auto, (max-width: 300px) 100vw, 300px\" \/><\/figure>\n<\/div>\n\n\n<p><strong>Coordenado pela bibliotec\u00e1ria Lucianna Silvestre de Castro Azevedo<\/strong><\/p>\n\n\n\n<p class=\"has-text-align-center has-cyan-bluish-gray-background-color has-background has-medium-font-size\"><strong>ANO I &#8211; 2023<\/strong><\/p>\n\n\n\n<p><strong>RESUMO:&nbsp;<\/strong>A comunica\u00e7\u00e3o digital tem sido uma realidade no compartilhamento e processamento de informa\u00e7\u00f5es virtuais, principalmente a partir da populariza\u00e7\u00e3o das redes sociais. No contexto da biblioteca, a comunica\u00e7\u00e3o digital assume um papel fundamental, sendo uma ferramenta importante no compartilhamento de informa\u00e7\u00f5es. Aliar tais tecnologias \u00e0 biblioteca universit\u00e1ria \u00e9 garantir uma jornada acad\u00eamica mais exitosa para os alunos, potencializando os processos de aprendizagem. Assim, este projeto objetiva o gerenciamento da comunica\u00e7\u00e3o digital da Biblioteca Francisco Tancredo Torres, para a produ\u00e7\u00e3o de conte\u00fado em rede para dissemina\u00e7\u00e3o de informa\u00e7\u00f5es. Desta forma ser\u00e3o estabelecidas diretrizes para gest\u00e3o da produ\u00e7\u00e3o e do compartilhamento de informa\u00e7\u00f5es, al\u00e9m da produ\u00e7\u00e3o de conte\u00fado para m\u00eddias sociais e o desenvolvimento do boletim informativo da biblioteca. A metodologia \u00e9 de car\u00e1ter documental e envolve aspectos qualitativos e quantitativos. Os resultados oportunizar\u00e3o a produ\u00e7\u00e3o de conte\u00fados e produtos informacionais, estimulando os discentes na produ\u00e7\u00e3o de conte\u00fado para \u00e1rea acad\u00eamica pertencente.<\/p>\n\n\n\n<p><strong>Palavras-chave:&nbsp;<\/strong>Conte\u00fado digital. M\u00eddias sociais. Bibliotecas Universit\u00e1rias. Acesso \u00e0 informa\u00e7\u00e3o.&nbsp;<\/p>\n\n\n\n<p class=\"has-text-align-center has-background\" style=\"background-color:#f1f2f3;font-size:15px\"><strong>OBJETIVOS<\/strong><\/p>\n\n\n\n<h3 class=\"wp-block-heading\">Geral<\/h3>\n\n\n\n<p class=\" \">Gerenciar a comunica\u00e7\u00e3o digital da Biblioteca Setorial Francisco Tancredo Torres as redes sociais para produ\u00e7\u00e3o de conte\u00fado em rede para dissemina\u00e7\u00e3o de informa\u00e7\u00f5es.<\/p>\n\n\n\n<h3 class=\"wp-block-heading\">Espec\u00edficos<\/h3>\n\n\n\n<ul class=\"wp-block-list\">\n<li>Estabelecer diretrizes para a gest\u00e3o da produ\u00e7\u00e3o e do compartilhamento de informa\u00e7\u00f5es nas m\u00eddias sociais da biblioteca;<\/li>\n\n\n\n<li>Produzir conte\u00fado para as m\u00eddias sociais;<\/li>\n\n\n\n<li>Desenvolver o boletim informativo da Biblioteca.<\/li>\n<\/ul>\n\n\n\n<p class=\"has-text-align-center has-background\" style=\"background-color:#f1f2f3;font-size:15px\"><strong>EQUIPE<\/strong><\/p>\n\n\n\n<figure class=\"wp-block-table\"><table class=\"has-fixed-layout\"><thead><tr><th>NOME<\/th><th>GRAU DE INSTRU\u00c7\u00c3O<\/th><th>OCUPA\u00c7\u00c3O<\/th><th>FUN\u00c7\u00c3O<\/th><\/tr><\/thead><tbody><tr><td><a href=\"http:\/\/lattes.cnpq.br\/5906247405579322\" target=\"_blank\" rel=\"noreferrer noopener\"><strong>Lucianna Silvestre de Castro Azevedo<\/strong><\/a><\/td><td>Especialista<\/td><td>Bibliotec\u00e1ria<\/td><td>Coordenadora<\/td><\/tr><tr><td><a href=\"http:\/\/lattes.cnpq.br\/8525675502520396\" target=\"_blank\" rel=\"noreferrer noopener\"><strong>Edilson Targino de Melo Filho<\/strong><\/a><\/td><td>Doutor<\/td><td>Bibliotec\u00e1rio<\/td><td>Coordenador Adjunto<\/td><\/tr><tr><td><a href=\"http:\/\/lattes.cnpq.br\/0763341526691337\" target=\"_blank\" rel=\"noreferrer noopener\"><strong>Angela Cristina Alves Albino<\/strong><\/a><\/td><td>Doutora<\/td><td>Docente<\/td><td>Consultora<\/td><\/tr><tr><td><a href=\"http:\/\/lattes.cnpq.br\/0358946018366735\" target=\"_blank\" rel=\"noreferrer noopener\"><strong>Amanda Gabriele Albuquerque de Oliveira<\/strong><\/a><\/td><td>M\u00e9dio<\/td><td>Estudante<\/td><td>Volunt\u00e1ria<\/td><\/tr><tr><td><a href=\"http:\/\/lattes.cnpq.br\/2233948970467044\" target=\"_blank\" rel=\"noreferrer noopener\"><strong>Elisa Andrade Cavalcanti<\/strong><\/a><\/td><td>M\u00e9dio<\/td><td>Estudante<\/td><td>Bolsista<\/td><\/tr><tr><td><a href=\"http:\/\/lattes.cnpq.br\/9002905168811448\" target=\"_blank\" rel=\"noreferrer noopener\"><strong>Juccia Nathielle do Nascimento Oliveira<\/strong><\/a><\/td><td>Mestra<\/td><td>Bibliotec\u00e1ria<\/td><td>Colaboradora<\/td><\/tr><tr><td><a href=\"http:\/\/lattes.cnpq.br\/0641243404422141\" target=\"_blank\" rel=\"noreferrer noopener\"><strong>Katiane da Sunha Souza<\/strong><\/a><\/td><td>Mestra<\/td><td>Bibliotec\u00e1ria<\/td><td>Colaboradora<\/td><\/tr><tr><td><a href=\"http:\/\/lattes.cnpq.br\/9325338141112467\" target=\"_blank\" rel=\"noreferrer noopener\"><strong>Nayara Santos Souza<\/strong><\/a><\/td><td>Especialista<\/td><td>Estudante<\/td><td>Monitora<\/td><\/tr><tr><td><a href=\"http:\/\/lattes.cnpq.br\/8223008076275716\" target=\"_blank\" rel=\"noreferrer noopener\"><strong>Raissa Carneiro de Brito<\/strong><\/a><\/td><td>Doutora<\/td><td>Bibliotec\u00e1ria<\/td><td>Colaboradora<\/td><\/tr><\/tbody><\/table><\/figure>\n","protected":false},"excerpt":{"rendered":"<p>Coordenado por Maria Gorete Melo da Silva ANO II &#8211; 2025 RESUMO:&nbsp;A comunica\u00e7\u00e3o digital tem sido uma realidade no compartilhamento e processamento de informa\u00e7\u00f5es virtuais, principalmente a partir da populariza\u00e7\u00e3o das redes sociais. No contexto da biblioteca, a comunica\u00e7\u00e3o digital assume um papel fundamental, sendo uma ferramenta importante no compartilhamento de informa\u00e7\u00f5es. Aliar tais tecnologias [&hellip;]<\/p>\n","protected":false},"author":71,"featured_media":0,"parent":0,"menu_order":0,"comment_status":"closed","ping_status":"closed","template":"","meta":{"_acf_changed":false,"footnotes":""},"class_list":["post-723","page","type-page","status-publish","hentry"],"acf":[],"_links":{"self":[{"href":"https:\/\/www.cca.ufpb.br\/bscca\/wp-json\/wp\/v2\/pages\/723","targetHints":{"allow":["GET"]}}],"collection":[{"href":"https:\/\/www.cca.ufpb.br\/bscca\/wp-json\/wp\/v2\/pages"}],"about":[{"href":"https:\/\/www.cca.ufpb.br\/bscca\/wp-json\/wp\/v2\/types\/page"}],"author":[{"embeddable":true,"href":"https:\/\/www.cca.ufpb.br\/bscca\/wp-json\/wp\/v2\/users\/71"}],"replies":[{"embeddable":true,"href":"https:\/\/www.cca.ufpb.br\/bscca\/wp-json\/wp\/v2\/comments?post=723"}],"version-history":[{"count":7,"href":"https:\/\/www.cca.ufpb.br\/bscca\/wp-json\/wp\/v2\/pages\/723\/revisions"}],"predecessor-version":[{"id":934,"href":"https:\/\/www.cca.ufpb.br\/bscca\/wp-json\/wp\/v2\/pages\/723\/revisions\/934"}],"wp:attachment":[{"href":"https:\/\/www.cca.ufpb.br\/bscca\/wp-json\/wp\/v2\/media?parent=723"}],"curies":[{"name":"wp","href":"https:\/\/api.w.org\/{rel}","templated":true}]}}