{"id":393,"date":"2025-05-07T10:25:39","date_gmt":"2025-05-07T13:25:39","guid":{"rendered":"https:\/\/www.cca.ufpb.br\/bscca2\/?page_id=393"},"modified":"2025-07-14T19:28:10","modified_gmt":"2025-07-14T22:28:10","slug":"portais-de-pesquisa-e-bases-de-dados","status":"publish","type":"page","link":"https:\/\/www.cca.ufpb.br\/bscca\/portais-de-pesquisa-e-bases-de-dados\/","title":{"rendered":"Portais de Pesquisa e Bases de Dados"},"content":{"rendered":"\n<p><\/p>\n\n\n\n<p>O Sistema de Bibliotecas da Universidade Federal da Para\u00edba (UFPB) disponibiliza \u00e0 comunidade acad\u00eamica \u2014 estudantes, professores e t\u00e9cnico-administrativos \u2014 acesso online a diversos portais de pesquisa e bases de dados, tanto dentro quanto fora da universidade.<\/p>\n\n\n\n<p>Algumas dessas bases tamb\u00e9m podem ser acessadas por qualquer pessoa conectada \u00e0 rede wi-fi da UFPB, mesmo que n\u00e3o tenha v\u00ednculo acad\u00eamico ou profissional com a institui\u00e7\u00e3o.<\/p>\n\n\n\n<p>Para saber mais e conferir a lista completa dos recursos dispon\u00edveis, consulte as informa\u00e7\u00f5es a seguir.<br><\/p>\n\n\n\n<ul class=\"wp-block-list\">\n<li>Para&nbsp;<strong>acessar<\/strong>&nbsp;os portais abaixo,&nbsp;fora do ambiente de rede da UFPB,&nbsp;o usu\u00e1rio deve&nbsp;<strong>baixar e instalar<\/strong>&nbsp;o navegador Firefox UFPB. Em seguida, entrar com suas credenciais cadastradas no SIG (SIGAA, SIGRH, SIPAC). <\/li>\n\n\n\n<li>&nbsp;Para utilizar o servi\u00e7o basta fazer o download da vers\u00e3o mais recente do&nbsp;<a href=\"https:\/\/drive.ufpb.br\/s\/PFTAe6daFa5rd2r\">Firefox UFPB<\/a>&nbsp;e utilizar as mesmas credenciais (usu\u00e1rio e senha) do SIG.<\/li>\n\n\n\n<li>O&nbsp;<a href=\"https:\/\/drive.ufpb.br\/s\/PFTAe6daFa5rd2r\">Firefox UFPB<\/a>&nbsp;\u00e9 o navegador personalizado que ir\u00e1 lhe proporcionar a navega\u00e7\u00e3o pelos portais de pesquisas que limitam o acesso apenas \u00e0 rede da UFPB. Abaixo est\u00e1 disponibilizado o link onde voc\u00ea poder\u00e1 baix\u00e1-lo e instal\u00e1-lo em seu computador com sistema Microsoft Windows. Mesmo que voc\u00ea j\u00e1 tenha outro navegador instalado, a ex. de Internet Explorer, ou mesmo outra vers\u00e3o do Firefox, o&nbsp;<a href=\"https:\/\/drive.ufpb.br\/s\/PFTAe6daFa5rd2r\">Firefox UFPB<\/a>&nbsp;n\u00e3o ir\u00e1 causar problemas, apenas certifique-se de fechar o seu Firefox antes de utilizar o Firefox UFPB, pois os dois n\u00e3o funcionam ao mesmo tempo.<\/li>\n\n\n\n<li>Para acessar o&nbsp;<strong>SciFinder<\/strong>&nbsp;\u00e9 necess\u00e1rio cadastrar o e-mail institucional. Caso&nbsp;n\u00e3o possua e&nbsp;seja&nbsp;<strong>servidor<\/strong>&nbsp;(docente ou t\u00e9cnico-administrativo),&nbsp;<strong><a href=\"http:\/\/www.sti.ufpb.br\/suporte\/\" target=\"_blank\" rel=\"noreferrer noopener\">solicite aqui<\/a><\/strong>. Aos&nbsp;<strong>discentes<\/strong>, o&nbsp;servi\u00e7o pode ser acessado por meio do Portal Discente no menu Outros &gt; Email institucional.<\/li>\n<\/ul>\n\n\n\n<figure class=\"wp-block-image size-large\"><a href=\"https:\/\/sigaa.ufpb.br\/sigaa\/\" target=\"_blank\" rel=\" noreferrer noopener\"><img loading=\"lazy\" decoding=\"async\" width=\"1024\" height=\"244\" src=\"http:\/\/www.cca.ufpb.br\/bscca\/wp-content\/uploads\/sites\/128\/sites\/275\/2025\/05\/4-1024x244.png\" alt=\"\" class=\"wp-image-507\" srcset=\"https:\/\/www.cca.ufpb.br\/bscca\/wp-content\/uploads\/sites\/128\/sites\/275\/2025\/05\/4-1024x244.png 1024w, https:\/\/www.cca.ufpb.br\/bscca\/wp-content\/uploads\/sites\/128\/sites\/275\/2025\/05\/4-300x71.png 300w, https:\/\/www.cca.ufpb.br\/bscca\/wp-content\/uploads\/sites\/128\/sites\/275\/2025\/05\/4-768x183.png 768w, https:\/\/www.cca.ufpb.br\/bscca\/wp-content\/uploads\/sites\/128\/sites\/275\/2025\/05\/4-1536x366.png 1536w, https:\/\/www.cca.ufpb.br\/bscca\/wp-content\/uploads\/sites\/128\/sites\/275\/2025\/05\/4-2048x488.png 2048w\" sizes=\"auto, (max-width: 1024px) 100vw, 1024px\" \/><\/a><\/figure>\n\n\n\n<p><a href=\"http:\/\/www.cca.ufpb.br\/bscca\/wp-content\/uploads\/sites\/128\/sites\/275\/2025\/05\/BV_Manual_Usuario_v6.8-1.pdf\" target=\"_blank\" rel=\"noreferrer noopener\">Manual de Uso &#8211; Biblioteca Virtual<\/a><\/p>\n\n\n\n<figure class=\"wp-block-image size-large\"><a href=\"http:\/\/www.dominiopublico.gov.br\/pesquisa\/PesquisaObraForm.jsp\" target=\"_blank\" rel=\" noreferrer noopener\"><img loading=\"lazy\" decoding=\"async\" width=\"1024\" height=\"244\" src=\"http:\/\/www.cca.ufpb.br\/bscca\/wp-content\/uploads\/sites\/128\/sites\/275\/2025\/05\/5-1024x244.png\" alt=\"\" class=\"wp-image-508\" srcset=\"https:\/\/www.cca.ufpb.br\/bscca\/wp-content\/uploads\/sites\/128\/sites\/275\/2025\/05\/5-1024x244.png 1024w, https:\/\/www.cca.ufpb.br\/bscca\/wp-content\/uploads\/sites\/128\/sites\/275\/2025\/05\/5-300x71.png 300w, https:\/\/www.cca.ufpb.br\/bscca\/wp-content\/uploads\/sites\/128\/sites\/275\/2025\/05\/5-768x183.png 768w, https:\/\/www.cca.ufpb.br\/bscca\/wp-content\/uploads\/sites\/128\/sites\/275\/2025\/05\/5-1536x366.png 1536w, https:\/\/www.cca.ufpb.br\/bscca\/wp-content\/uploads\/sites\/128\/sites\/275\/2025\/05\/5-2048x488.png 2048w\" sizes=\"auto, (max-width: 1024px) 100vw, 1024px\" \/><\/a><\/figure>\n\n\n\n<p><\/p>\n\n\n\n<figure class=\"wp-block-image size-large\"><a href=\"https:\/\/ebookcentral.proquest.com\/auth\/lib\/bcufpb-ebooks\/login.action?returnURL=https%3A%2F%2Febookcentral.proquest.com%2Flib%2Fbcufpb-ebooks%2Fhome.action%3FebraryDocId%3Dnull\" target=\"_blank\" rel=\" noreferrer noopener\"><img loading=\"lazy\" decoding=\"async\" width=\"1024\" height=\"244\" src=\"http:\/\/www.cca.ufpb.br\/bscca\/wp-content\/uploads\/sites\/128\/sites\/275\/2025\/05\/10-1024x244.png\" alt=\"\" class=\"wp-image-513\" srcset=\"https:\/\/www.cca.ufpb.br\/bscca\/wp-content\/uploads\/sites\/128\/sites\/275\/2025\/05\/10-1024x244.png 1024w, https:\/\/www.cca.ufpb.br\/bscca\/wp-content\/uploads\/sites\/128\/sites\/275\/2025\/05\/10-300x71.png 300w, https:\/\/www.cca.ufpb.br\/bscca\/wp-content\/uploads\/sites\/128\/sites\/275\/2025\/05\/10-768x183.png 768w, https:\/\/www.cca.ufpb.br\/bscca\/wp-content\/uploads\/sites\/128\/sites\/275\/2025\/05\/10-1536x366.png 1536w, https:\/\/www.cca.ufpb.br\/bscca\/wp-content\/uploads\/sites\/128\/sites\/275\/2025\/05\/10-2048x488.png 2048w\" sizes=\"auto, (max-width: 1024px) 100vw, 1024px\" \/><\/a><\/figure>\n\n\n\n<p><\/p>\n\n\n\n<figure class=\"wp-block-image size-large\"><a href=\"https:\/\/educapes.capes.gov.br\/\" target=\"_blank\" rel=\" noreferrer noopener\"><img loading=\"lazy\" decoding=\"async\" width=\"1024\" height=\"244\" src=\"http:\/\/www.cca.ufpb.br\/bscca\/wp-content\/uploads\/sites\/128\/sites\/275\/2025\/05\/8-1024x244.png\" alt=\"\" class=\"wp-image-511\" srcset=\"https:\/\/www.cca.ufpb.br\/bscca\/wp-content\/uploads\/sites\/128\/sites\/275\/2025\/05\/8-1024x244.png 1024w, https:\/\/www.cca.ufpb.br\/bscca\/wp-content\/uploads\/sites\/128\/sites\/275\/2025\/05\/8-300x71.png 300w, https:\/\/www.cca.ufpb.br\/bscca\/wp-content\/uploads\/sites\/128\/sites\/275\/2025\/05\/8-768x183.png 768w, https:\/\/www.cca.ufpb.br\/bscca\/wp-content\/uploads\/sites\/128\/sites\/275\/2025\/05\/8-1536x366.png 1536w, https:\/\/www.cca.ufpb.br\/bscca\/wp-content\/uploads\/sites\/128\/sites\/275\/2025\/05\/8-2048x488.png 2048w\" sizes=\"auto, (max-width: 1024px) 100vw, 1024px\" \/><\/a><\/figure>\n\n\n\n<p><\/p>\n\n\n\n<figure class=\"wp-block-image size-large\"><a href=\"https:\/\/integrada.minhabiblioteca.com.br\/home\/explore\" target=\"_blank\" rel=\" noreferrer noopener\"><img loading=\"lazy\" decoding=\"async\" width=\"1024\" height=\"244\" src=\"http:\/\/www.cca.ufpb.br\/bscca\/wp-content\/uploads\/sites\/128\/sites\/275\/2025\/07\/Portais-de-Pesquisa-e-Base-de-Dados-1-1024x244.png\" alt=\"\" class=\"wp-image-802\" srcset=\"https:\/\/www.cca.ufpb.br\/bscca\/wp-content\/uploads\/sites\/128\/sites\/275\/2025\/07\/Portais-de-Pesquisa-e-Base-de-Dados-1-1024x244.png 1024w, https:\/\/www.cca.ufpb.br\/bscca\/wp-content\/uploads\/sites\/128\/sites\/275\/2025\/07\/Portais-de-Pesquisa-e-Base-de-Dados-1-300x71.png 300w, https:\/\/www.cca.ufpb.br\/bscca\/wp-content\/uploads\/sites\/128\/sites\/275\/2025\/07\/Portais-de-Pesquisa-e-Base-de-Dados-1-768x183.png 768w, https:\/\/www.cca.ufpb.br\/bscca\/wp-content\/uploads\/sites\/128\/sites\/275\/2025\/07\/Portais-de-Pesquisa-e-Base-de-Dados-1-1536x366.png 1536w, https:\/\/www.cca.ufpb.br\/bscca\/wp-content\/uploads\/sites\/128\/sites\/275\/2025\/07\/Portais-de-Pesquisa-e-Base-de-Dados-1.png 2000w\" sizes=\"auto, (max-width: 1024px) 100vw, 1024px\" \/><\/a><\/figure>\n\n\n\n<p><a href=\"http:\/\/www.cca.ufpb.br\/bscca\/wp-content\/uploads\/sites\/128\/sites\/275\/2025\/07\/tutorial-minha-biblioteca.pdf\" target=\"_blank\" rel=\"noreferrer noopener\">Tutorial de como acessar Minha Biblioteca<\/a><\/p>\n\n\n\n<p><\/p>\n\n\n\n<figure class=\"wp-block-image size-large\"><a href=\"https:\/\/oasisbr.ibict.br\/vufind\/\" target=\"_blank\" rel=\" noreferrer noopener\"><img loading=\"lazy\" decoding=\"async\" width=\"1024\" height=\"244\" src=\"http:\/\/www.cca.ufpb.br\/bscca\/wp-content\/uploads\/sites\/128\/sites\/275\/2025\/05\/6-1024x244.png\" alt=\"\" class=\"wp-image-509\" srcset=\"https:\/\/www.cca.ufpb.br\/bscca\/wp-content\/uploads\/sites\/128\/sites\/275\/2025\/05\/6-1024x244.png 1024w, https:\/\/www.cca.ufpb.br\/bscca\/wp-content\/uploads\/sites\/128\/sites\/275\/2025\/05\/6-300x71.png 300w, https:\/\/www.cca.ufpb.br\/bscca\/wp-content\/uploads\/sites\/128\/sites\/275\/2025\/05\/6-768x183.png 768w, https:\/\/www.cca.ufpb.br\/bscca\/wp-content\/uploads\/sites\/128\/sites\/275\/2025\/05\/6-1536x366.png 1536w, https:\/\/www.cca.ufpb.br\/bscca\/wp-content\/uploads\/sites\/128\/sites\/275\/2025\/05\/6-2048x488.png 2048w\" sizes=\"auto, (max-width: 1024px) 100vw, 1024px\" \/><\/a><\/figure>\n\n\n\n<p><\/p>\n\n\n\n<figure class=\"wp-block-image size-large\"><a href=\"https:\/\/www-periodicos-capes-gov-br.ez15.periodicos.capes.gov.br\/\" target=\"_blank\" rel=\" noreferrer noopener\"><img loading=\"lazy\" decoding=\"async\" width=\"1024\" height=\"244\" src=\"https:\/\/www.cca.ufpb.br\/bscca\/wp-content\/uploads\/sites\/128\/sites\/275\/2025\/05\/3-1024x244.png\" alt=\"\" class=\"wp-image-416\" srcset=\"https:\/\/www.cca.ufpb.br\/bscca\/wp-content\/uploads\/sites\/128\/sites\/275\/2025\/05\/3-1024x244.png 1024w, https:\/\/www.cca.ufpb.br\/bscca\/wp-content\/uploads\/sites\/128\/sites\/275\/2025\/05\/3-300x71.png 300w, https:\/\/www.cca.ufpb.br\/bscca\/wp-content\/uploads\/sites\/128\/sites\/275\/2025\/05\/3-768x183.png 768w, https:\/\/www.cca.ufpb.br\/bscca\/wp-content\/uploads\/sites\/128\/sites\/275\/2025\/05\/3-1536x366.png 1536w, https:\/\/www.cca.ufpb.br\/bscca\/wp-content\/uploads\/sites\/128\/sites\/275\/2025\/05\/3-2048x488.png 2048w\" sizes=\"auto, (max-width: 1024px) 100vw, 1024px\" \/><\/a><\/figure>\n\n\n\n<p><\/p>\n\n\n\n<figure class=\"wp-block-image size-large\"><a href=\"https:\/\/periodicos.ufpb.br\/capa\/\" target=\"_blank\" rel=\" noreferrer noopener\"><img loading=\"lazy\" decoding=\"async\" width=\"1024\" height=\"244\" src=\"http:\/\/www.cca.ufpb.br\/bscca\/wp-content\/uploads\/sites\/128\/sites\/275\/2025\/05\/7-1024x244.png\" alt=\"\" class=\"wp-image-510\" srcset=\"https:\/\/www.cca.ufpb.br\/bscca\/wp-content\/uploads\/sites\/128\/sites\/275\/2025\/05\/7-1024x244.png 1024w, https:\/\/www.cca.ufpb.br\/bscca\/wp-content\/uploads\/sites\/128\/sites\/275\/2025\/05\/7-300x71.png 300w, https:\/\/www.cca.ufpb.br\/bscca\/wp-content\/uploads\/sites\/128\/sites\/275\/2025\/05\/7-768x183.png 768w, https:\/\/www.cca.ufpb.br\/bscca\/wp-content\/uploads\/sites\/128\/sites\/275\/2025\/05\/7-1536x366.png 1536w, https:\/\/www.cca.ufpb.br\/bscca\/wp-content\/uploads\/sites\/128\/sites\/275\/2025\/05\/7-2048x488.png 2048w\" sizes=\"auto, (max-width: 1024px) 100vw, 1024px\" \/><\/a><\/figure>\n\n\n\n<p><\/p>\n\n\n\n<figure class=\"wp-block-image size-large\"><a href=\"https:\/\/repositorio.ufpb.br\/?locale=pt_BR\" target=\"_blank\" rel=\" noreferrer noopener\"><img loading=\"lazy\" decoding=\"async\" width=\"1024\" height=\"244\" src=\"https:\/\/www.cca.ufpb.br\/bscca\/wp-content\/uploads\/sites\/128\/sites\/275\/2025\/05\/2-1-1024x244.png\" alt=\"\" class=\"wp-image-415\" srcset=\"https:\/\/www.cca.ufpb.br\/bscca\/wp-content\/uploads\/sites\/128\/sites\/275\/2025\/05\/2-1-1024x244.png 1024w, https:\/\/www.cca.ufpb.br\/bscca\/wp-content\/uploads\/sites\/128\/sites\/275\/2025\/05\/2-1-300x71.png 300w, https:\/\/www.cca.ufpb.br\/bscca\/wp-content\/uploads\/sites\/128\/sites\/275\/2025\/05\/2-1-768x183.png 768w, https:\/\/www.cca.ufpb.br\/bscca\/wp-content\/uploads\/sites\/128\/sites\/275\/2025\/05\/2-1-1536x366.png 1536w, https:\/\/www.cca.ufpb.br\/bscca\/wp-content\/uploads\/sites\/128\/sites\/275\/2025\/05\/2-1-2048x488.png 2048w\" sizes=\"auto, (max-width: 1024px) 100vw, 1024px\" \/><\/a><\/figure>\n\n\n\n<p><\/p>\n\n\n\n<figure class=\"wp-block-image size-large\"><a href=\"https:\/\/www.proquest.com\/\" target=\"_blank\" rel=\" noreferrer noopener\"><img loading=\"lazy\" decoding=\"async\" width=\"1024\" height=\"244\" src=\"http:\/\/www.cca.ufpb.br\/bscca\/wp-content\/uploads\/sites\/128\/sites\/275\/2025\/05\/11-1024x244.png\" alt=\"\" class=\"wp-image-514\" srcset=\"https:\/\/www.cca.ufpb.br\/bscca\/wp-content\/uploads\/sites\/128\/sites\/275\/2025\/05\/11-1024x244.png 1024w, https:\/\/www.cca.ufpb.br\/bscca\/wp-content\/uploads\/sites\/128\/sites\/275\/2025\/05\/11-300x71.png 300w, https:\/\/www.cca.ufpb.br\/bscca\/wp-content\/uploads\/sites\/128\/sites\/275\/2025\/05\/11-768x183.png 768w, https:\/\/www.cca.ufpb.br\/bscca\/wp-content\/uploads\/sites\/128\/sites\/275\/2025\/05\/11-1536x366.png 1536w, https:\/\/www.cca.ufpb.br\/bscca\/wp-content\/uploads\/sites\/128\/sites\/275\/2025\/05\/11-2048x488.png 2048w\" sizes=\"auto, (max-width: 1024px) 100vw, 1024px\" \/><\/a><\/figure>\n\n\n\n<p><\/p>\n\n\n\n<figure class=\"wp-block-image\"><img loading=\"lazy\" decoding=\"async\" width=\"1024\" height=\"244\" src=\"https:\/\/www.cca.ufpb.br\/bscca\/wp-content\/uploads\/sites\/128\/sites\/275\/2025\/05\/1-1024x244.png\" alt=\"\" class=\"wp-image-412\" srcset=\"https:\/\/www.cca.ufpb.br\/bscca\/wp-content\/uploads\/sites\/128\/sites\/275\/2025\/05\/1-1024x244.png 1024w, https:\/\/www.cca.ufpb.br\/bscca\/wp-content\/uploads\/sites\/128\/sites\/275\/2025\/05\/1-300x71.png 300w, https:\/\/www.cca.ufpb.br\/bscca\/wp-content\/uploads\/sites\/128\/sites\/275\/2025\/05\/1-768x183.png 768w, https:\/\/www.cca.ufpb.br\/bscca\/wp-content\/uploads\/sites\/128\/sites\/275\/2025\/05\/1-1536x366.png 1536w, https:\/\/www.cca.ufpb.br\/bscca\/wp-content\/uploads\/sites\/128\/sites\/275\/2025\/05\/1-2048x488.png 2048w\" sizes=\"auto, (max-width: 1024px) 100vw, 1024px\" \/><\/figure>\n\n\n\n<p><a href=\"http:\/\/www.cca.ufpb.br\/bscca\/wp-content\/uploads\/sites\/128\/sites\/275\/2025\/05\/manual_gedweb_usuario_pt-br.pdf\" target=\"_blank\" rel=\"noreferrer noopener\">Manual de utiliza\u00e7\u00e3o elaborado pela Target GEDWeb<\/a><\/p>\n\n\n\n<figure class=\"wp-block-image size-large\"><a href=\"https:\/\/app.vlex.com\/\" target=\"_blank\" rel=\" noreferrer noopener\"><img loading=\"lazy\" decoding=\"async\" width=\"1024\" height=\"244\" src=\"http:\/\/www.cca.ufpb.br\/bscca\/wp-content\/uploads\/sites\/128\/sites\/275\/2025\/05\/9-1024x244.png\" alt=\"\" class=\"wp-image-512\" srcset=\"https:\/\/www.cca.ufpb.br\/bscca\/wp-content\/uploads\/sites\/128\/sites\/275\/2025\/05\/9-1024x244.png 1024w, https:\/\/www.cca.ufpb.br\/bscca\/wp-content\/uploads\/sites\/128\/sites\/275\/2025\/05\/9-300x71.png 300w, https:\/\/www.cca.ufpb.br\/bscca\/wp-content\/uploads\/sites\/128\/sites\/275\/2025\/05\/9-768x183.png 768w, https:\/\/www.cca.ufpb.br\/bscca\/wp-content\/uploads\/sites\/128\/sites\/275\/2025\/05\/9-1536x366.png 1536w, https:\/\/www.cca.ufpb.br\/bscca\/wp-content\/uploads\/sites\/128\/sites\/275\/2025\/05\/9-2048x488.png 2048w\" sizes=\"auto, (max-width: 1024px) 100vw, 1024px\" \/><\/a><\/figure>\n\n\n\n<p><a href=\"http:\/\/www.cca.ufpb.br\/bscca\/wp-content\/uploads\/sites\/128\/sites\/275\/2025\/05\/manual-de-uso-vLex-Brasil.pdf\" target=\"_blank\" rel=\"noreferrer noopener\">Manual de Uso &#8211; V|Lex<\/a><\/p>\n","protected":false},"excerpt":{"rendered":"<p>O Sistema de Bibliotecas da Universidade Federal da Para\u00edba (UFPB) disponibiliza \u00e0 comunidade acad\u00eamica \u2014 estudantes, professores e t\u00e9cnico-administrativos \u2014 acesso online a diversos portais de pesquisa e bases de dados, tanto dentro quanto fora da universidade. Algumas dessas bases tamb\u00e9m podem ser acessadas por qualquer pessoa conectada \u00e0 rede wi-fi da UFPB, mesmo que [&hellip;]<\/p>\n","protected":false},"author":71,"featured_media":0,"parent":0,"menu_order":0,"comment_status":"closed","ping_status":"closed","template":"","meta":{"_acf_changed":false,"footnotes":""},"class_list":["post-393","page","type-page","status-publish","hentry"],"acf":[],"_links":{"self":[{"href":"https:\/\/www.cca.ufpb.br\/bscca\/wp-json\/wp\/v2\/pages\/393","targetHints":{"allow":["GET"]}}],"collection":[{"href":"https:\/\/www.cca.ufpb.br\/bscca\/wp-json\/wp\/v2\/pages"}],"about":[{"href":"https:\/\/www.cca.ufpb.br\/bscca\/wp-json\/wp\/v2\/types\/page"}],"author":[{"embeddable":true,"href":"https:\/\/www.cca.ufpb.br\/bscca\/wp-json\/wp\/v2\/users\/71"}],"replies":[{"embeddable":true,"href":"https:\/\/www.cca.ufpb.br\/bscca\/wp-json\/wp\/v2\/comments?post=393"}],"version-history":[{"count":23,"href":"https:\/\/www.cca.ufpb.br\/bscca\/wp-json\/wp\/v2\/pages\/393\/revisions"}],"predecessor-version":[{"id":805,"href":"https:\/\/www.cca.ufpb.br\/bscca\/wp-json\/wp\/v2\/pages\/393\/revisions\/805"}],"wp:attachment":[{"href":"https:\/\/www.cca.ufpb.br\/bscca\/wp-json\/wp\/v2\/media?parent=393"}],"curies":[{"name":"wp","href":"https:\/\/api.w.org\/{rel}","templated":true}]}}