{"id":249,"date":"2025-04-16T11:50:38","date_gmt":"2025-04-16T14:50:38","guid":{"rendered":"https:\/\/www.cca.ufpb.br\/bscca2\/?page_id=249"},"modified":"2025-04-16T11:51:24","modified_gmt":"2025-04-16T14:51:24","slug":"nosso-patrono-francisco-tancredo-torres","status":"publish","type":"page","link":"https:\/\/www.cca.ufpb.br\/bscca\/nosso-patrono-francisco-tancredo-torres\/","title":{"rendered":"Nosso patrono &#8211; Francisco Tancredo Torres"},"content":{"rendered":"<p><img loading=\"lazy\" decoding=\"async\" class=\"alignleft wp-image-245 size-large\" src=\"http:\/\/www.cca.ufpb.br\/bscca\/wp-content\/uploads\/sites\/128\/sites\/275\/2025\/04\/37-724x1024.png\" alt=\"Francisco Tancredo Torres nasceu em 18 de abril de 1928, em Esperan\u00e7a (PB), e faleceu em 1\u00ba de julho de 2014. Formou-se como T\u00e9cnico Agr\u00edcola em 1948 pela Escola de Agronomia do Nordeste. Ingressou no servi\u00e7o p\u00fablico federal em 1949, atuando no Minist\u00e9rio da Agricultura em Fortaleza (CE), e posteriormente foi transferido para a Escola Agrot\u00e9cnica Jo\u00e3o Coimbra, em Barreiros (PE), onde lecionou diversas disciplinas. Em 1958 passou a trabalhar na Escola de Agronomia do Nordeste (EAN), em Areia (PB), onde atuou por d\u00e9cadas como secret\u00e1rio, at\u00e9 sua aposentadoria em 1988. Tamb\u00e9m foi reconhecido como escritor e jornalista, fundando jornais para divulgar acontecimentos importantes da cidade de Areia.\" width=\"724\" height=\"1024\" srcset=\"https:\/\/www.cca.ufpb.br\/bscca\/wp-content\/uploads\/sites\/128\/sites\/275\/2025\/04\/37-724x1024.png 724w, https:\/\/www.cca.ufpb.br\/bscca\/wp-content\/uploads\/sites\/128\/sites\/275\/2025\/04\/37-212x300.png 212w, https:\/\/www.cca.ufpb.br\/bscca\/wp-content\/uploads\/sites\/128\/sites\/275\/2025\/04\/37-768x1086.png 768w, https:\/\/www.cca.ufpb.br\/bscca\/wp-content\/uploads\/sites\/128\/sites\/275\/2025\/04\/37-1086x1536.png 1086w\" sizes=\"auto, (max-width: 724px) 100vw, 724px\" \/><\/p>\n<p><img loading=\"lazy\" decoding=\"async\" class=\"alignleft wp-image-246 size-large\" src=\"http:\/\/www.cca.ufpb.br\/bscca\/wp-content\/uploads\/sites\/128\/sites\/275\/2025\/04\/38-724x1024.png\" alt=\"Tancredo Torres fundou e colaborou com diversos jornais ao longo de sua vida, como O Escolar, O Labor e O Areiense, al\u00e9m de publicar em diversos ve\u00edculos da regi\u00e3o. Recebeu v\u00e1rias homenagens, incluindo medalhas, diplomas e placas de honra ao m\u00e9rito de institui\u00e7\u00f5es como a UFPB e o Conselho Estadual de Cultura da Para\u00edba. Foi membro de entidades como o Instituto Hist\u00f3rico e Geogr\u00e1fico de Campina e a Academia de Letras de Mossor\u00f3. Tamb\u00e9m publicou livros sobre temas hist\u00f3ricos, religiosos e culturais, como Areia \u2013 Par\u00f3quia e P\u00e1roco \u2013 40 anos, 60 anos da ex-Escola de Agronomia do Nordeste e Discurso de posse no Instituto Hist\u00f3rico e Geogr\u00e1fico Paraibano.\" width=\"724\" height=\"1024\" srcset=\"https:\/\/www.cca.ufpb.br\/bscca\/wp-content\/uploads\/sites\/128\/sites\/275\/2025\/04\/38-724x1024.png 724w, https:\/\/www.cca.ufpb.br\/bscca\/wp-content\/uploads\/sites\/128\/sites\/275\/2025\/04\/38-212x300.png 212w, https:\/\/www.cca.ufpb.br\/bscca\/wp-content\/uploads\/sites\/128\/sites\/275\/2025\/04\/38-768x1086.png 768w, https:\/\/www.cca.ufpb.br\/bscca\/wp-content\/uploads\/sites\/128\/sites\/275\/2025\/04\/38-1086x1536.png 1086w\" sizes=\"auto, (max-width: 724px) 100vw, 724px\" \/><\/p>\n","protected":false},"excerpt":{"rendered":"","protected":false},"author":71,"featured_media":0,"parent":0,"menu_order":0,"comment_status":"closed","ping_status":"closed","template":"","meta":{"_acf_changed":false,"footnotes":""},"class_list":["post-249","page","type-page","status-publish","hentry"],"acf":[],"_links":{"self":[{"href":"https:\/\/www.cca.ufpb.br\/bscca\/wp-json\/wp\/v2\/pages\/249","targetHints":{"allow":["GET"]}}],"collection":[{"href":"https:\/\/www.cca.ufpb.br\/bscca\/wp-json\/wp\/v2\/pages"}],"about":[{"href":"https:\/\/www.cca.ufpb.br\/bscca\/wp-json\/wp\/v2\/types\/page"}],"author":[{"embeddable":true,"href":"https:\/\/www.cca.ufpb.br\/bscca\/wp-json\/wp\/v2\/users\/71"}],"replies":[{"embeddable":true,"href":"https:\/\/www.cca.ufpb.br\/bscca\/wp-json\/wp\/v2\/comments?post=249"}],"version-history":[{"count":2,"href":"https:\/\/www.cca.ufpb.br\/bscca\/wp-json\/wp\/v2\/pages\/249\/revisions"}],"predecessor-version":[{"id":251,"href":"https:\/\/www.cca.ufpb.br\/bscca\/wp-json\/wp\/v2\/pages\/249\/revisions\/251"}],"wp:attachment":[{"href":"https:\/\/www.cca.ufpb.br\/bscca\/wp-json\/wp\/v2\/media?parent=249"}],"curies":[{"name":"wp","href":"https:\/\/api.w.org\/{rel}","templated":true}]}}

<p><img loading="lazy" decoding="async" class="alignleft wp-image-245 size-large" src="http://www.cca.ufpb.br/bscca/wp-content/uploads/sites/128/sites/275/2025/04/37-724x1024.png" alt="Francisco Tancredo Torres nasceu em 18 de abril de 1928, em Esperança (PB), e faleceu em 1º de julho de 2014. Formou-se como Técnico Agrícola em 1948 pela Escola de Agronomia do Nordeste. Ingressou no serviço público federal em 1949, atuando no Ministério da Agricultura em Fortaleza (CE), e posteriormente foi transferido para a Escola Agrotécnica João Coimbra, em Barreiros (PE), onde lecionou diversas disciplinas. Em 1958 passou a trabalhar na Escola de Agronomia do Nordeste (EAN), em Areia (PB), onde atuou por décadas como secretário, até sua aposentadoria em 1988. Também foi reconhecido como escritor e jornalista, fundando jornais para divulgar acontecimentos importantes da cidade de Areia." width="724" height="1024" srcset="https://www.cca.ufpb.br/bscca/wp-content/uploads/sites/128/sites/275/2025/04/37-724x1024.png 724w, https://www.cca.ufpb.br/bscca/wp-content/uploads/sites/128/sites/275/2025/04/37-212x300.png 212w, https://www.cca.ufpb.br/bscca/wp-content/uploads/sites/128/sites/275/2025/04/37-768x1086.png 768w, https://www.cca.ufpb.br/bscca/wp-content/uploads/sites/128/sites/275/2025/04/37-1086x1536.png 1086w" sizes="auto, (max-width: 724px) 100vw, 724px" /></p>
<p><img loading="lazy" decoding="async" class="alignleft wp-image-246 size-large" src="http://www.cca.ufpb.br/bscca/wp-content/uploads/sites/128/sites/275/2025/04/38-724x1024.png" alt="Tancredo Torres fundou e colaborou com diversos jornais ao longo de sua vida, como O Escolar, O Labor e O Areiense, além de publicar em diversos veículos da região. Recebeu várias homenagens, incluindo medalhas, diplomas e placas de honra ao mérito de instituições como a UFPB e o Conselho Estadual de Cultura da Paraíba. Foi membro de entidades como o Instituto Histórico e Geográfico de Campina e a Academia de Letras de Mossoró. Também publicou livros sobre temas históricos, religiosos e culturais, como Areia – Paróquia e Pároco – 40 anos, 60 anos da ex-Escola de Agronomia do Nordeste e Discurso de posse no Instituto Histórico e Geográfico Paraibano." width="724" height="1024" srcset="https://www.cca.ufpb.br/bscca/wp-content/uploads/sites/128/sites/275/2025/04/38-724x1024.png 724w, https://www.cca.ufpb.br/bscca/wp-content/uploads/sites/128/sites/275/2025/04/38-212x300.png 212w, https://www.cca.ufpb.br/bscca/wp-content/uploads/sites/128/sites/275/2025/04/38-768x1086.png 768w, https://www.cca.ufpb.br/bscca/wp-content/uploads/sites/128/sites/275/2025/04/38-1086x1536.png 1086w" sizes="auto, (max-width: 724px) 100vw, 724px" /></p>
