{"id":18,"date":"2025-03-27T11:13:54","date_gmt":"2025-03-27T14:13:54","guid":{"rendered":"https:\/\/www.cca.ufpb.br\/bscca2\/?page_id=18"},"modified":"2025-04-16T11:52:30","modified_gmt":"2025-04-16T14:52:30","slug":"apresentacao","status":"publish","type":"page","link":"https:\/\/www.cca.ufpb.br\/bscca\/apresentacao\/","title":{"rendered":"Apresenta\u00e7\u00e3o"},"content":{"rendered":"\n<p><\/p>\n\n\n\n<h3 class=\"wp-block-heading\">&nbsp;<\/h3>\n\n\n\n<figure class=\"wp-block-image size-large\"><img loading=\"lazy\" decoding=\"async\" width=\"724\" height=\"1024\" src=\"https:\/\/www.cca.ufpb.br\/bscca\/wp-content\/uploads\/sites\/128\/sites\/275\/2025\/04\/copy5_of_3-724x1024.png\" alt=\"Imagem com fundo verde claro e detalhes em verde. O texto inicia com: A Biblioteca Setorial Francisco Tancredo Torres do Centro de Ci\u00eancias Agr\u00e1rias (BS\/CCA), Campus II, da Universidade Federal da Para\u00edba, na cidade Areia\/PB, foi fundada em 1973 e integra o Sistema de Bibliotecas da UFPB (SISTEMOTECA\/UFPB). A BS\/CCA possui uma \u00e1rea de aproximadamente 1.000m\u00b2, cinco salas de estudos em grupo, audit\u00f3rio com capacidade para 50 pessoas, laborat\u00f3rio de inform\u00e1tica, sala de multimeios, salas de cole\u00e7\u00f5es especiais, 14 cabines de estudos individuais, ampla varanda com uma vista para a mata, com mesas e cadeiras para estudos. Especializada em Ci\u00eancias Agr\u00e1rias a BS\/CCA compreende um acervo bibliogr\u00e1fico constitu\u00eddo por livros, peri\u00f3dicos nacionais e estrangeiros, monografias, disserta\u00e7\u00f5es e teses, al\u00e9m de cole\u00e7\u00f5es especiais e de multim\u00eddia. A Biblioteca Setorial Francisco Tancredo Torres atende \u00e0 comunidade acad\u00eamica formada pelos discentes dos cursos de gradua\u00e7\u00e3o em Agronomia, Ci\u00eancias Biol\u00f3gicas (Licenciatura e Bacharelado), Medicina Veterin\u00e1ria, Qu\u00edmica (Licenciatura e Bacharelado) e Zootecnia, e da P\u00f3s-Gradua\u00e7\u00e3o em Agronomia (Mestrado e Doutorado), Biodiversidade (Mestrado), Ci\u00eancia Animal (Mestrado), Ci\u00eancia do Solo (Mestrado) e Zootecnia (Mestrado e Doutorado), al\u00e9m dos docentes e t\u00e9cnico-administrativos que atuam no CCA\/UFPB. No rodap\u00e9 est\u00e1 escrito: Sobre a biblioteca.\" class=\"wp-image-212\" srcset=\"https:\/\/www.cca.ufpb.br\/bscca\/wp-content\/uploads\/sites\/128\/sites\/275\/2025\/04\/copy5_of_3-724x1024.png 724w, https:\/\/www.cca.ufpb.br\/bscca\/wp-content\/uploads\/sites\/128\/sites\/275\/2025\/04\/copy5_of_3-212x300.png 212w, https:\/\/www.cca.ufpb.br\/bscca\/wp-content\/uploads\/sites\/128\/sites\/275\/2025\/04\/copy5_of_3-768x1086.png 768w, https:\/\/www.cca.ufpb.br\/bscca\/wp-content\/uploads\/sites\/128\/sites\/275\/2025\/04\/copy5_of_3-1086x1536.png 1086w, https:\/\/www.cca.ufpb.br\/bscca\/wp-content\/uploads\/sites\/128\/sites\/275\/2025\/04\/copy5_of_3.png 1414w\" sizes=\"auto, (max-width: 724px) 100vw, 724px\" \/><\/figure>\n\n\n\n<figure class=\"wp-block-image size-large\"><img loading=\"lazy\" decoding=\"async\" width=\"724\" height=\"1024\" src=\"https:\/\/www.cca.ufpb.br\/bscca\/wp-content\/uploads\/sites\/128\/sites\/275\/2025\/04\/Servicos-para-SITE-BSCCA-1-724x1024.png\" alt=\"\u00a0imagem com fundo branco e verde contendo os logotipos da Biblioteca Setorial Francisco Tancredo Torres, da Universidade Federal da Para\u00edba e do Campus de Ci\u00eancias Agr\u00e1rias. Logo abaixo est\u00e1 escrito: &quot;As universidade ser\u00e3o o que s\u00e3o suas bibliotecas&quot; (GELFAND, 1968). Abaixo est\u00e1 escrito em branco, no fundo verde, em caixa alta: BIBLIOTECA SETORIAL FRANCISCO TANCREDO TORRES. No rodap\u00e9 est\u00e1 escrito: Centro de Ci\u00eancias Agr\u00e1rias - Campus II, Endere\u00e7o: Rodovia PB079 - Km12 - Areia\/PB, CEP: 58.397-000 \/ Fone: (83) 3049-4571\/4569, E-mail:\u00a0biblioteca@cca.ufpb.br, bibliotecacca@academico.ufpb.br\" class=\"wp-image-241\" srcset=\"https:\/\/www.cca.ufpb.br\/bscca\/wp-content\/uploads\/sites\/128\/sites\/275\/2025\/04\/Servicos-para-SITE-BSCCA-1-724x1024.png 724w, https:\/\/www.cca.ufpb.br\/bscca\/wp-content\/uploads\/sites\/128\/sites\/275\/2025\/04\/Servicos-para-SITE-BSCCA-1-212x300.png 212w, https:\/\/www.cca.ufpb.br\/bscca\/wp-content\/uploads\/sites\/128\/sites\/275\/2025\/04\/Servicos-para-SITE-BSCCA-1-768x1086.png 768w, https:\/\/www.cca.ufpb.br\/bscca\/wp-content\/uploads\/sites\/128\/sites\/275\/2025\/04\/Servicos-para-SITE-BSCCA-1-1086x1536.png 1086w, https:\/\/www.cca.ufpb.br\/bscca\/wp-content\/uploads\/sites\/128\/sites\/275\/2025\/04\/Servicos-para-SITE-BSCCA-1-1448x2048.png 1448w\" sizes=\"auto, (max-width: 724px) 100vw, 724px\" \/><\/figure>\n","protected":false},"excerpt":{"rendered":"<p>&nbsp;<\/p>\n","protected":false},"author":63,"featured_media":214,"parent":0,"menu_order":0,"comment_status":"closed","ping_status":"closed","template":"","meta":{"_acf_changed":false,"footnotes":""},"class_list":["post-18","page","type-page","status-publish","has-post-thumbnail","hentry"],"acf":[],"_links":{"self":[{"href":"https:\/\/www.cca.ufpb.br\/bscca\/wp-json\/wp\/v2\/pages\/18","targetHints":{"allow":["GET"]}}],"collection":[{"href":"https:\/\/www.cca.ufpb.br\/bscca\/wp-json\/wp\/v2\/pages"}],"about":[{"href":"https:\/\/www.cca.ufpb.br\/bscca\/wp-json\/wp\/v2\/types\/page"}],"author":[{"embeddable":true,"href":"https:\/\/www.cca.ufpb.br\/bscca\/wp-json\/wp\/v2\/users\/63"}],"replies":[{"embeddable":true,"href":"https:\/\/www.cca.ufpb.br\/bscca\/wp-json\/wp\/v2\/comments?post=18"}],"version-history":[{"count":6,"href":"https:\/\/www.cca.ufpb.br\/bscca\/wp-json\/wp\/v2\/pages\/18\/revisions"}],"predecessor-version":[{"id":252,"href":"https:\/\/www.cca.ufpb.br\/bscca\/wp-json\/wp\/v2\/pages\/18\/revisions\/252"}],"wp:featuredmedia":[{"embeddable":true,"href":"https:\/\/www.cca.ufpb.br\/bscca\/wp-json\/wp\/v2\/media\/214"}],"wp:attachment":[{"href":"https:\/\/www.cca.ufpb.br\/bscca\/wp-json\/wp\/v2\/media?parent=18"}],"curies":[{"name":"wp","href":"https:\/\/api.w.org\/{rel}","templated":true}]}}